574. Suppose -k*i + 42*i = -u. What are the prime factors of i?
2, 17
Let x = -68 + 74. Suppose x*z - 449 = 277. Let w = -91 + z. What are the prime factors of w?
2, 3, 5
Suppose 16*p - 2893722 = -88*p + 35*p. What are the prime factors of p?
2, 13, 1613
What are the prime factors of 1 - 96/(-6) - -25226?
25243
Let f(i) = -i**2 + 13*i + 14. Let v be f(8). Suppose 3*o - 22 = o. Let a = o + v. What are the prime factors of a?
5, 13
Suppose 3496 = -2*l - 2*v + 15152, 3*l + 2*v - 17486 = 0. What are the prime factors of l?
2, 5, 11, 53
Let i(b) = 90*b**3 + 34*b**2 - 90*b + 3. List the prime factors of i(3).
3, 823
List the prime factors of (-940)/(-30)*(-795)/(-10).
47, 53
Suppose -34*o - 432 = -32*o. Let q be 8/(-6)*o/(-12). Let r = -19 - q. List the prime factors of r.
5
Suppose 2*a + 5*z - 53 = 0, 3*z + 0 - 9 = 0. Suppose -u = a - 3. List the prime factors of (-1014)/u - (-27)/(-72).
3, 7
Suppose 9*n = -16061 + 187421. List the prime factors of n.
2, 5, 7, 17
Suppose q - j = 16 - 5, -21 = -3*q - j. Let k(t) = -4*t - 38 - q*t + 7*t. What are the prime factors of k(-30)?
2, 7
Let a(b) = 5*b - 31. Let c be a(7). Suppose -4*d + o = -1732, 3*d - d = -c*o + 866. List the prime factors of d.
433
Let p be (4/3)/(9 - (-353)/(-39)). Let n be ((-59)/3)/((-5)/15). Let l = n + p. What are the prime factors of l?
3, 11
What are the prime factors of (428010/44 + 21)/((-6)/(-4))?
67, 97
Suppose -334 = -4*l - 2*g + 1042, -4*l + 4*g + 1388 = 0. Let m = l - 285. List the prime factors of m.
2, 3, 5
Let t(m) = 49*m**2 + 22*m + 74. Let i be -107 - -109 - (0 + 7). What are the prime factors of t(i)?
29, 41
Suppose -6*x + 1779 = 5781. Let v = x + 948. What are the prime factors of v?
281
Let t = -160 - -2616. List the prime factors of t.
2, 307
List the prime factors of 24425 + (-10)/(-2) + 15.
5, 4889
Let o be ((-6)/14)/(49/(-343)). Suppose 2047 = 2*y + h, -3103 = -o*y + 3*h + 2*h. List the prime factors of y.
2, 3, 19
Let t(f) = 13*f + 25. Let p be t(15). Suppose 6*k - p = 4*k. Suppose k = -2*h + 7*h. List the prime factors of h.
2, 11
Let d(r) = -2*r**3 - 13*r**2 - 18*r - 3. Let z be d(-4). Let l(s) = -51*s - 81. What are the prime factors of l(z)?
2, 3, 5
Let o(s) = 5*s**2 - 2*s - 1. Let u be o(2). List the prime factors of (580/8)/(u/36).
2, 3, 29
Let m(h) = -19*h**3 - 3*h**2 + h - 17. Let r be m(-4). Let j = r + 481. Suppose j = 15*o - 4*o. List the prime factors of o.
2, 37
What are the prime factors of ((-3)/(-5))/(9/33255)?
3, 739
Suppose 112*j - 8*j + 711339 = 3755315. What are the prime factors of j?
29269
Let o = -35872 - -53348. List the prime factors of o.
2, 17, 257
Suppose -11*b + 19*b = 1760. Suppose 0 = b*c - 215*c - 2790. What are the prime factors of c?
2, 3, 31
Suppose -9*r + 84 = -42. What are the prime factors of -9 + (r - 6) - (0 - 186)?
5, 37
Let t(i) = i**2 - 43*i + 1021. What are the prime factors of t(-56)?
5, 13, 101
Let t(c) = -5*c + 39. Let g be t(16). Let o = g - 14. Let v = o + 131. List the prime factors of v.
2, 19
Let w be 1430/2*(-12)/(-30). Let g = -353 - -251. Let f = w + g. List the prime factors of f.
2, 23
Let y(i) = 5*i**2 - 2*i - 2. Let k be y(1). Let a(f) = 737*f**2 - 3*f + 5. What are the prime factors of a(k)?
739
Let v(r) = r**3 - 3*r**2 - 3*r + 3. Let c be v(4). Suppose -3*o + 57*j = 53*j - 262, -5*j = -2*o + 170. Suppose -c*n + o = -512. List the prime factors of n.
2, 43
Suppose 19*l + 5*m = 24*l - 165, 3*m = 6. Suppose l*z - 34*z - 861 = 0. What are the prime factors of z?
3, 7, 41
Suppose -4*a + 1029 = 4*u + a, 3*u - 771 = -3*a. Suppose -3*y = -3*f + 48, -3*y = 3*f - f - 7. Suppose u = -9*p + f*p. List the prime factors of p.
2
Suppose m - 290 - 324 = 0. Suppose 7*u = 6*u + m. List the prime factors of u.
2, 307
Let s(u) = -u**2 - 3*u + 15. Let o be s(8). Let c = -83 - o. What are the prime factors of -54*(c/(-4) - 4)?
3
Let n = 102647 - 9687. List the prime factors of n.
2, 5, 7, 83
Suppose -4*n - 158 = -3*m + 2*m, 5*n + 210 = -5*m. Let x(j) = -j**3 - 40*j**2 - 46*j - 120. List the prime factors of x(n).
2, 5, 43
Let f be 2/(3*(-4)/42). Let q(h) be the third derivative of -h**4/6 + h**3 - h**2 - 7. List the prime factors of q(f).
2, 17
Suppose 2*v + 48 + 70 = 0. Let a = v + 63. Suppose 3*d = -2*r + 95, a*r + 1 = d - 12. List the prime factors of d.
29
Let y(o) = -42*o - 88. Let j = 129 - 149. List the prime factors of y(j).
2, 47
Let u(d) be the second derivative of -59*d**3/6 + d**2/2 + 2*d + 2. List the prime factors of u(-2).
7, 17
Let l(s) = -480*s + 1337. What are the prime factors of l(-9)?
5657
Suppose 6*r = -3*r - 117. Let x = r - -60. Suppose -2*v + x = -27. List the prime factors of v.
37
List the prime factors of (2226880/(-6))/(-40) + (-2)/(-6).
3, 1031
Let d = -13850 - -32527. List the prime factors of d.
19, 983
Let b(i) = -18*i - 5 - i**2 - 6*i + 17. Let o be b(-11). Let l = o - 60. List the prime factors of l.
5, 19
Let y be 14 + -12 + (-1)/((-3)/675). Let m = y - 156. List the prime factors of m.
71
Suppose -36*d + 34392 = -57984. What are the prime factors of d?
2, 1283
Let x(k) = k + 1. Let n(p) = -13*p - 14. Let u(f) = -3*n(f) - 24*x(f). Let s be u(2). Suppose -o = -2*o + s. List the prime factors of o.
2, 3
Let u = 67 + -63. Suppose u*z - 1517 = 251. List the prime factors of z.
2, 13, 17
Let b(c) = -51*c - 15. Let a be b(-3). Suppose 5*z - 8 + a = 0. Let w = z - -62. List the prime factors of w.
2, 3
Let q(d) = -d**2 + 53*d - 13. Suppose 7*f + 13*f - 600 = 0. List the prime factors of q(f).
677
Let i = -45 + 41. Let d(s) = -s**2 - 4*s + 3. Let o be d(i). Suppose -38 = -3*q - b, -o*q = -3*b - 31 + 13. List the prime factors of q.
11
Let b be 2/24 + 622/24. List the prime factors of 91/b*(-3 + 105).
3, 7, 17
Let t = -1242 + 5155. Suppose t - 357 = 14*z. List the prime factors of z.
2, 127
List the prime factors of 6 + ((163384/3)/(-2))/(352/(-528)).
2, 7, 1459
Let a = -2303 - -6262. List the prime factors of a.
37, 107
Let l = -203 + 3970. What are the prime factors of l?
3767
Let j(s) = -5*s + 8 + 11590*s**2 + 3*s - 11589*s**2. Suppose 0 = 2*u - 5*x, -u + 2*x + 0*x = -1. List the prime factors of j(u).
23
Suppose 55 + 45 = 25*m. Let r(y) be the third derivative of 5*y**4/8 - 3*y**3/2 - 2*y**2. What are the prime factors of r(m)?
3, 17
Suppose -22*y - 10*y = 12320. Let t = y + 718. What are the prime factors of t?
3, 37
Let y be 76/20 + 6/5 + -1. Let u be (3 - y)*-109 - -1. What are the prime factors of u/(-6)*(-17)/((-119)/(-42))?
2, 5, 11
Let p(m) = -3109*m - 19. Let a be p(-1). Suppose 23*g = 13*g + a. What are the prime factors of g?
3, 103
Let x(p) = 4*p - 19. Let j be x(11). Let g = j - 8. Suppose g*i - 1448 = 1391. What are the prime factors of i?
167
Let o(q) = 22*q**2 - 84. List the prime factors of o(20).
2, 2179
Let g be 2/(-6) - (-39)/9. Suppose 3*d - 336 = -g*j, 2*d + 0*j - 4*j = 224. Suppose 17 - d = -l. List the prime factors of l.
5, 19
Let a be (-11854)/(1/(-14)*(-20 + 21)). What are the prime factors of (-2)/(-12) + a/168?
2, 13, 19
Let m(u) = 2*u + 325. Let a(x) = 2*x**2 - 14*x + 12. Let z be a(6). What are the prime factors of m(z)?
5, 13
Let m = 233 - 228. Suppose -m*g + 704 = -766. What are the prime factors of g?
2, 3, 7
Let j = 2202 + 5561. List the prime factors of j.
7, 1109
Suppose 7 = -q + 3*n, 4*q + n = -3*n + 20. Let d(b) = 10*b**2 + b**2 - 5*b**q - 3 + 1 - 9*b. List the prime factors of d(6).
2, 5
Suppose 48*m - 53*m + 4*w = -640, -5*m - 5*w + 685 = 0. List the prime factors of m.
2, 3, 11
Suppose 7200 = 17*a - 8695. What are the prime factors of a?
5, 11, 17
Let v(b) be the first derivative of 4*b**3/3 + 35*b**2/2 + 19*b + 106. List the prime factors of v(-14).
313
Suppose -6*k - 41342 + 428414 = 8*k. What are the prime factors of k?
2, 3
Let q(j) = -397*j + 38. Let i be q(-2). Suppose -2*h + l + 1234 = 0, -i + 2674 = 3*h + 3*l. What are the prime factors of h?
2, 7, 11
Suppose 4*m - 28 = 0, -62*q + 64*q + 2*m - 35982 = 0. What are the prime factors of q?
2, 281
Let y = -2994 + 16296. What are the prime factors of y?
2, 3, 739
Let o(h) = -160*h + 28. Let l be o(1). List the prime factors of (-10384)/l*15/2.
2, 5, 59
Let z(k) = 14*k**2 - 9*k - 20. Let h be z(-3). Let b = h + 490. What are the prime factors of b?
7, 89
List the prime factors of 20/(-25)*13/(28